-3*u + 95 = t*y, -2*y + u + 4*u + 67 = 0. What is the highest common divisor of y and 52?
26
Let s be 132 - 5 - 10 - (5 - 2). What is the highest common factor of 152 and s?
38
Let d be 11/(-11) + (0 - -2). Let f = 641 + -633. Calculate the greatest common factor of d and f.
1
Let c = -589 + 617. Calculate the greatest common divisor of c and 378.
14
Let b be 50/(9/(15 - 6)). What is the highest common factor of 325 and b?
25
Let c(r) = 126*r + 16. Let d be c(4). Calculate the highest common factor of d and 40.
40
Suppose -2*y + 5*y = -3*b + 291, 2*b = -4*y + 386. Let s(o) = 0*o**3 - o**3 - 3*o**2 + 0*o + o. Let v be s(-4). Calculate the highest common factor of v and y.
12
Suppose 12*i - 2235 - 3381 = 0. What is the greatest common divisor of i and 36?
36
Suppose 83*t - 167 = 82. Let p(b) = 3*b**2 + 3*b + 3. Let n be p(-2). Calculate the greatest common factor of n and t.
3
Let n be 18 - 20 - (1 + 307). Let w = -22 - n. Calculate the greatest common factor of 32 and w.
32
Let i be (4/2 + 0)*2. Suppose 796 - 236 = i*w. Suppose -25 = o + 4*s - 37, -56 = -3*o - 2*s. What is the greatest common divisor of w and o?
20
Let a be (-9)/(-6)*2 + 1. Let l be 1*((117 - a) + -3). What is the greatest common factor of l and 10?
10
Let u = -233 - -263. What is the highest common factor of u and 10?
10
Suppose 8*s = 5*z + 3*s - 75, 0 = -5*z - 5*s + 105. Suppose -z = -3*m - 3*t, 4*m - 19 - 5 = -5*t. Calculate the greatest common factor of m and 54.
6
Let a = 1414 - 864. What is the highest common divisor of 200 and a?
50
Let h(i) = i**2 - 47*i + 328. Let c be h(43). Calculate the highest common divisor of 351 and c.
39
Let v(u) = -2*u**3 - 7*u**2 - 2*u - 35. Let w be v(-7). Calculate the highest common factor of 14 and w.
14
Let y = -18 - -6. Let l be -3 - (-4)/4 - y. Suppose 20 = 5*r - 5, 4*r - 30 = -2*d. Calculate the greatest common factor of d and l.
5
Let f be (-2)/((-1649)/8075 - (-1)/5). What is the highest common divisor of f and 19?
19
Suppose 5*m - 108 = -3. Suppose -3*f + m = -6. Let b(a) = a**3 - 19*a**2 - 19*a - 11. Let n be b(20). What is the highest common factor of f and n?
9
Let j = 72 + -18. Let l(q) = -q**2 - 10*q - 4. Let v be l(-9). Suppose i + 42 = v*s + 5*i, s = 5*i - 9. What is the highest common factor of s and j?
6
Suppose 47 = x - m - 19, -3*x - 5*m + 182 = 0. Suppose 2*h = c - h - x, 0 = 4*c - 5*h - 242. Calculate the highest common factor of 87 and c.
29
Let l(p) = -p**3 + 21*p**2 - 22*p + 68. Let m be l(20). Calculate the greatest common divisor of m and 658.
14
Let g be 8*2*(-4 - -11). What is the greatest common divisor of 48 and g?
16
Suppose -12*f + 1032 = 12*f. Calculate the highest common divisor of f and 43.
43
Let p = -806 - -1148. Calculate the greatest common factor of p and 27.
9
Let h(d) = 2*d + 1. Let p be h(1). Suppose 0 = 12*t - 7*t - 50. Let g be 64/t - (48/20 + -2). Calculate the highest common factor of p and g.
3
Let i be 42/105 - (-18)/5. Suppose 7 - 107 = -i*k. Calculate the greatest common divisor of k and 125.
25
Let m = 85 + -13. Let k be -7 - (0/(-1) - 3). Let c be k/(-84)*6 - (-82)/7. Calculate the greatest common factor of m and c.
12
Suppose -23 - 61 = -2*j. Suppose -9*f + j + 282 = 0. What is the highest common divisor of 4 and f?
4
Suppose -3*r + 4*y = -185, -2*r + 3*y - 7*y = -110. Calculate the greatest common factor of 1121 and r.
59
Let z be (231/44)/((-1)/(-36)). What is the greatest common factor of 7 and z?
7
Suppose -185 = -q - 42. Calculate the greatest common factor of 11 and q.
11
Let d(c) = -12*c**2 - 175*c - 19. Let f be d(-13). What is the highest common divisor of f and 19?
19
Let y be (4 - 3) + 2 + 1. Let h = -2162 + 2190. What is the highest common factor of h and y?
4
Let z be 242/12 + 5/(-30). Suppose 2*s - z = -5*n, -4*s + 40 = 2*n + 2*n. What is the greatest common factor of s and 40?
10
Suppose -2*l - 5 = -p, -2*p - 5*l = 2 + 6. Let r be (-3*p)/((-6)/8). Suppose -3*h + 15 = 3*f, -2*f + f = -1. Calculate the greatest common divisor of h and r.
4
Let w = 120 - 72. Suppose 4*x + 220 = 2*f, -6*f - 145 = -7*f - 5*x. Calculate the greatest common divisor of f and w.
24
Suppose 18 = o + 2*u, -22 = 4*o - 6*o + 3*u. Let i = 39 - 26. Suppose -i = -n + 43. What is the highest common divisor of n and o?
14
Suppose 5*g - j + 6 = 9*g, 2*g - 4*j = 12. Let m be (-3 - -3) + 22 + 0. Calculate the greatest common factor of m and g.
2
Suppose 4*j = -0*j. Suppose 2*t + t - 36 = j. Let u = -1826 - -1850. What is the greatest common factor of u and t?
12
Suppose -2*n - 10 = 0, -j + 313 = -0*j - n. Let y = -182 + j. What is the highest common divisor of 18 and y?
18
Suppose 4*o + 75 = 5*k, 5*k + o = k + 60. What is the highest common factor of k and 12?
3
Suppose 0 = o - 5*f - 353, 13*f - 9*f + 1492 = 4*o. What is the greatest common factor of o and 14?
14
Let v = -2 + -3. Let j = v + 8. Calculate the highest common factor of j and 3.
3
Let g(x) = -x**2 - 18*x + 116. Let a be g(-22). Let y be 2/(-5) - 42/(-5). Calculate the greatest common divisor of a and y.
4
Let y = -45 + 0. Let f be 2 - (18/y + (-14)/(-10)). What is the highest common divisor of f and 1?
1
Let p be 20216/57*(2/8 - -2). What is the greatest common divisor of 14 and p?
14
Let j(d) = -d - 19. Let y be j(-22). Suppose 4*z - 21 = -y*o, -5*z + 39 - 4 = 5*o. Suppose 4*f = f + 3. What is the greatest common factor of f and o?
1
Let a be (5/(-3))/(15/(-1035)). Let y = -89 + a. Calculate the highest common divisor of 26 and y.
26
Suppose 0*v - v + 12 = 0. Let o(m) be the third derivative of -9*m**4/8 - m**3/2 + 23*m**2. Let q be o(-5). What is the highest common divisor of q and v?
12
Suppose z + z + 792 = 0. Let h be (0 + 2)/(3*(-2)/z). Calculate the highest common divisor of h and 12.
12
Suppose 3*y + 64 = 1030. Suppose -105 = -2*a + 2*w - 11, 4*a - 181 = -3*w. Calculate the greatest common factor of a and y.
46
Suppose -48 = -56*r + 50*r. Calculate the greatest common divisor of r and 64.
8
Suppose -l - 3*s - 26 + 80 = 0, l - 2*s = 34. Let p be 1*2/(-7) - (-885)/35. Let k = 31 - p. What is the greatest common divisor of k and l?
6
Suppose -3*k + 18 = 3*s + 3, k - 30 = 4*s. Suppose -4*z = -3*b, 3*z - 3 - k = -b. Let o be z + 0 + 40 + -3. What is the greatest common factor of 20 and o?
20
Let q = 1131 + -1061. Calculate the greatest common divisor of 2240 and q.
70
Let u(k) = k**3 + k + 2. Suppose 2*z + 20 = -5*v, -5*z - v = v + 8. Suppose z = 9*b - 11*b. Let c be u(b). What is the greatest common divisor of c and 4?
2
Let v be (-222)/(-7) + 2/7. Suppose 5*f = t + 486, 130 = 4*f - 2*t - 266. What is the highest common divisor of f and v?
32
Let q = -70 + 100. Suppose -2*a - q = -5*c + 3*c, -2*a + 4*c - 36 = 0. Let r = 3 - a. Calculate the highest common divisor of r and 10.
5
Let d = -25 + 73. Calculate the highest common divisor of d and 176.
16
Let b(o) = -o**2 - 47*o - 58. Let w be b(-34). What is the highest common divisor of 48 and w?
48
Let t = 263 + -232. What is the highest common factor of 248 and t?
31
Let f = -113 + 135. Let h = 44 + f. Calculate the highest common divisor of h and 12.
6
Suppose 6*y + 82 = 298. Let v(d) = -6*d + 5. Let o(c) = 11*c - 11. Let l(n) = -4*o(n) - 10*v(n). Let p be l(6). Calculate the greatest common factor of y and p.
18
Let z = 451 - 438. Calculate the highest common divisor of z and 221.
13
Suppose -3*a + 4*o + 105 = o, a + 3*o - 19 = 0. Suppose 2*u - a = 19. Let g = 37 - u. What is the greatest common factor of 3 and g?
3
Let o = -10 + 1. Let a = 22 + o. Calculate the highest common divisor of 65 and a.
13
Let v(q) = -q**2 - 11*q + 16. Let p be v(-12). Suppose p*i = 3*i - 2*j + 19, 5*i - 3*j = 108. What is the highest common divisor of 168 and i?
21
Suppose 16*g - 336 = 14*g - 2*v, -v = -4*g + 672. Calculate the highest common divisor of g and 441.
21
Let j = -4 + 16. Let n = 959 - 938. Calculate the greatest common divisor of j and n.
3
Let f(i) = -14*i**3 + 2*i**2 - 2. Let j be f(-1). What is the highest common factor of j and 602?
14
Let m(c) = c**3 - c - 11. Let b be m(0). Suppose -v + 8 = -5*j - 4, -4*v + 4*j + 48 = 0. Let o be b/(55/v)*-60. What is the highest common factor of o and 16?
16
Let z(b) = b**2 + 5*b - 10. Let q be z(-7). Let o be 624/2 - 16/q. What is the greatest common divis